{"id":14,"date":"2021-11-21T15:14:19","date_gmt":"2021-11-21T15:14:19","guid":{"rendered":"https:\/\/www.karttapala.fi\/index.php\/about\/"},"modified":"2025-06-25T14:49:58","modified_gmt":"2025-06-25T12:49:58","slug":"portfolio","status":"publish","type":"page","link":"https:\/\/www.karttapala.fi\/index.php\/portfolio\/","title":{"rendered":"Portfolio"},"content":{"rendered":"\t\t<div data-elementor-type=\"wp-page\" data-elementor-id=\"14\" class=\"elementor elementor-14\">\n\t\t\t\t\t\t<section class=\"elementor-section elementor-top-section elementor-element elementor-element-c8ddeb6 elementor-section-height-min-height elementor-section-boxed elementor-section-height-default elementor-section-items-middle\" data-id=\"c8ddeb6\" data-element_type=\"section\" data-e-type=\"section\" data-settings=\"{&quot;background_background&quot;:&quot;classic&quot;}\">\n\t\t\t\t\t\t\t<div class=\"elementor-background-overlay\"><\/div>\n\t\t\t\t\t\t\t<div class=\"elementor-container elementor-column-gap-default\">\n\t\t\t\t\t<div class=\"elementor-column elementor-col-100 elementor-top-column elementor-element elementor-element-6a5337e\" data-id=\"6a5337e\" data-element_type=\"column\" data-e-type=\"column\">\n\t\t\t<div class=\"elementor-widget-wrap elementor-element-populated\">\n\t\t\t\t\t\t<div class=\"elementor-element elementor-element-feefb6c elementor-widget elementor-widget-heading\" data-id=\"feefb6c\" data-element_type=\"widget\" data-e-type=\"widget\" data-widget_type=\"heading.default\">\n\t\t\t\t<div class=\"elementor-widget-container\">\n\t\t\t\t\t<h1 class=\"elementor-heading-title elementor-size-default\">Portfolio<\/h1>\t\t\t\t<\/div>\n\t\t\t\t<\/div>\n\t\t\t\t\t<\/div>\n\t\t<\/div>\n\t\t\t\t\t<\/div>\n\t\t<\/section>\n\t\t\t\t<section class=\"elementor-section elementor-top-section elementor-element elementor-element-034f786 elementor-section-boxed elementor-section-height-default elementor-section-height-default\" data-id=\"034f786\" data-element_type=\"section\" data-e-type=\"section\">\n\t\t\t\t\t\t<div class=\"elementor-container elementor-column-gap-default\">\n\t\t\t\t\t<div class=\"elementor-column elementor-col-100 elementor-top-column elementor-element elementor-element-ba0c118\" data-id=\"ba0c118\" data-element_type=\"column\" data-e-type=\"column\">\n\t\t\t<div class=\"elementor-widget-wrap elementor-element-populated\">\n\t\t\t\t\t\t<div class=\"elementor-element elementor-element-3dc998b elementor-widget elementor-widget-heading\" data-id=\"3dc998b\" data-element_type=\"widget\" data-e-type=\"widget\" data-widget_type=\"heading.default\">\n\t\t\t\t<div class=\"elementor-widget-container\">\n\t\t\t\t\t<h4 class=\"elementor-heading-title elementor-size-default\">Joitakin projekteja vuosien varrelta<\/h4>\t\t\t\t<\/div>\n\t\t\t\t<\/div>\n\t\t\t\t\t<\/div>\n\t\t<\/div>\n\t\t\t\t\t<\/div>\n\t\t<\/section>\n\t\t\t\t<section class=\"elementor-section elementor-top-section elementor-element elementor-element-a065bc5 elementor-section-boxed elementor-section-height-default elementor-section-height-default\" data-id=\"a065bc5\" data-element_type=\"section\" data-e-type=\"section\">\n\t\t\t\t\t\t<div class=\"elementor-container elementor-column-gap-default\">\n\t\t\t\t\t<div class=\"elementor-column elementor-col-100 elementor-top-column elementor-element elementor-element-0692d87\" data-id=\"0692d87\" data-element_type=\"column\" data-e-type=\"column\">\n\t\t\t<div class=\"elementor-widget-wrap elementor-element-populated\">\n\t\t\t\t\t\t<div class=\"elementor-element elementor-element-01bbb94 gallery-spacing-custom elementor-widget elementor-widget-image-gallery\" data-id=\"01bbb94\" data-element_type=\"widget\" data-e-type=\"widget\" data-widget_type=\"image-gallery.default\">\n\t\t\t\t<div class=\"elementor-widget-container\">\n\t\t\t\t\t\t\t<div class=\"elementor-image-gallery\">\n\t\t\t<div id='gallery-1' class='gallery galleryid-14 gallery-columns-5 gallery-size-medium'><figure class='gallery-item'>\n\t\t\t<div class='gallery-icon landscape'>\n\t\t\t\t<img fetchpriority=\"high\" decoding=\"async\" width=\"300\" height=\"300\" src=\"https:\/\/www.karttapala.fi\/wp-content\/uploads\/2025\/06\/2025-Kuru-300x300.png\" class=\"attachment-medium size-medium\" alt=\"\" aria-describedby=\"gallery-1-1802\" srcset=\"https:\/\/www.karttapala.fi\/wp-content\/uploads\/2025\/06\/2025-Kuru-300x300.png 300w, https:\/\/www.karttapala.fi\/wp-content\/uploads\/2025\/06\/2025-Kuru-150x150.png 150w, https:\/\/www.karttapala.fi\/wp-content\/uploads\/2025\/06\/2025-Kuru.png 512w\" sizes=\"(max-width: 300px) 100vw, 300px\" \/>\n\t\t\t<\/div>\n\t\t\t\t<figcaption class='wp-caption-text gallery-caption' id='gallery-1-1802'>\n\t\t\t\tKuru 2025\n\t\t\t\t<\/figcaption><\/figure><figure class='gallery-item'>\n\t\t\t<div class='gallery-icon landscape'>\n\t\t\t\t<img decoding=\"async\" width=\"300\" height=\"300\" src=\"https:\/\/www.karttapala.fi\/wp-content\/uploads\/2025\/06\/2025-Laukkamaki-300x300.png\" class=\"attachment-medium size-medium\" alt=\"\" aria-describedby=\"gallery-1-1803\" srcset=\"https:\/\/www.karttapala.fi\/wp-content\/uploads\/2025\/06\/2025-Laukkamaki-300x300.png 300w, https:\/\/www.karttapala.fi\/wp-content\/uploads\/2025\/06\/2025-Laukkamaki-150x150.png 150w, https:\/\/www.karttapala.fi\/wp-content\/uploads\/2025\/06\/2025-Laukkamaki.png 512w\" sizes=\"(max-width: 300px) 100vw, 300px\" \/>\n\t\t\t<\/div>\n\t\t\t\t<figcaption class='wp-caption-text gallery-caption' id='gallery-1-1803'>\n\t\t\t\tLaukkam\u00e4ki 2025\n\t\t\t\t<\/figcaption><\/figure><figure class='gallery-item'>\n\t\t\t<div class='gallery-icon landscape'>\n\t\t\t\t<img decoding=\"async\" width=\"300\" height=\"300\" src=\"https:\/\/www.karttapala.fi\/wp-content\/uploads\/2025\/06\/2025-Salmenpalo-300x300.png\" class=\"attachment-medium size-medium\" alt=\"\" aria-describedby=\"gallery-1-1801\" srcset=\"https:\/\/www.karttapala.fi\/wp-content\/uploads\/2025\/06\/2025-Salmenpalo-300x300.png 300w, https:\/\/www.karttapala.fi\/wp-content\/uploads\/2025\/06\/2025-Salmenpalo-150x150.png 150w, https:\/\/www.karttapala.fi\/wp-content\/uploads\/2025\/06\/2025-Salmenpalo.png 512w\" sizes=\"(max-width: 300px) 100vw, 300px\" \/>\n\t\t\t<\/div>\n\t\t\t\t<figcaption class='wp-caption-text gallery-caption' id='gallery-1-1801'>\n\t\t\t\tSalmenpalo 2024\n\t\t\t\t<\/figcaption><\/figure><figure class='gallery-item'>\n\t\t\t<div class='gallery-icon landscape'>\n\t\t\t\t<img loading=\"lazy\" decoding=\"async\" width=\"300\" height=\"300\" src=\"https:\/\/www.karttapala.fi\/wp-content\/uploads\/2025\/06\/2024-Raaseporin-linna-300x300.png\" class=\"attachment-medium size-medium\" alt=\"\" aria-describedby=\"gallery-1-1799\" srcset=\"https:\/\/www.karttapala.fi\/wp-content\/uploads\/2025\/06\/2024-Raaseporin-linna-300x300.png 300w, https:\/\/www.karttapala.fi\/wp-content\/uploads\/2025\/06\/2024-Raaseporin-linna-150x150.png 150w, https:\/\/www.karttapala.fi\/wp-content\/uploads\/2025\/06\/2024-Raaseporin-linna.png 512w\" sizes=\"(max-width: 300px) 100vw, 300px\" \/>\n\t\t\t<\/div>\n\t\t\t\t<figcaption class='wp-caption-text gallery-caption' id='gallery-1-1799'>\n\t\t\t\tRaaseporin linna 2024\n\t\t\t\t<\/figcaption><\/figure><figure class='gallery-item'>\n\t\t\t<div class='gallery-icon landscape'>\n\t\t\t\t<img loading=\"lazy\" decoding=\"async\" width=\"300\" height=\"300\" src=\"https:\/\/www.karttapala.fi\/wp-content\/uploads\/2025\/06\/2024-Fagervikin-kartano-300x300.png\" class=\"attachment-medium size-medium\" alt=\"\" aria-describedby=\"gallery-1-1804\" srcset=\"https:\/\/www.karttapala.fi\/wp-content\/uploads\/2025\/06\/2024-Fagervikin-kartano-300x300.png 300w, https:\/\/www.karttapala.fi\/wp-content\/uploads\/2025\/06\/2024-Fagervikin-kartano-150x150.png 150w, https:\/\/www.karttapala.fi\/wp-content\/uploads\/2025\/06\/2024-Fagervikin-kartano.png 512w\" sizes=\"(max-width: 300px) 100vw, 300px\" \/>\n\t\t\t<\/div>\n\t\t\t\t<figcaption class='wp-caption-text gallery-caption' id='gallery-1-1804'>\n\t\t\t\tFagervikin kartano 2024\n\t\t\t\t<\/figcaption><\/figure><figure class='gallery-item'>\n\t\t\t<div class='gallery-icon landscape'>\n\t\t\t\t<img loading=\"lazy\" decoding=\"async\" width=\"300\" height=\"300\" src=\"https:\/\/www.karttapala.fi\/wp-content\/uploads\/2024\/07\/2024-Kukkusnummi-300x300.png\" class=\"attachment-medium size-medium\" alt=\"\" aria-describedby=\"gallery-1-1773\" srcset=\"https:\/\/www.karttapala.fi\/wp-content\/uploads\/2024\/07\/2024-Kukkusnummi-300x300.png 300w, https:\/\/www.karttapala.fi\/wp-content\/uploads\/2024\/07\/2024-Kukkusnummi-150x150.png 150w, https:\/\/www.karttapala.fi\/wp-content\/uploads\/2024\/07\/2024-Kukkusnummi.png 512w\" sizes=\"(max-width: 300px) 100vw, 300px\" \/>\n\t\t\t<\/div>\n\t\t\t\t<figcaption class='wp-caption-text gallery-caption' id='gallery-1-1773'>\n\t\t\t\tKukkusnummi 2024\n\t\t\t\t<\/figcaption><\/figure><figure class='gallery-item'>\n\t\t\t<div class='gallery-icon landscape'>\n\t\t\t\t<img loading=\"lazy\" decoding=\"async\" width=\"300\" height=\"300\" src=\"https:\/\/www.karttapala.fi\/wp-content\/uploads\/2025\/06\/2024-Varansby-300x300.png\" class=\"attachment-medium size-medium\" alt=\"\" aria-describedby=\"gallery-1-1796\" srcset=\"https:\/\/www.karttapala.fi\/wp-content\/uploads\/2025\/06\/2024-Varansby-300x300.png 300w, https:\/\/www.karttapala.fi\/wp-content\/uploads\/2025\/06\/2024-Varansby-150x150.png 150w, https:\/\/www.karttapala.fi\/wp-content\/uploads\/2025\/06\/2024-Varansby.png 512w\" sizes=\"(max-width: 300px) 100vw, 300px\" \/>\n\t\t\t<\/div>\n\t\t\t\t<figcaption class='wp-caption-text gallery-caption' id='gallery-1-1796'>\n\t\t\t\tV\u00e4ransby 2024\n\t\t\t\t<\/figcaption><\/figure><figure class='gallery-item'>\n\t\t\t<div class='gallery-icon landscape'>\n\t\t\t\t<img loading=\"lazy\" decoding=\"async\" width=\"300\" height=\"300\" src=\"https:\/\/www.karttapala.fi\/wp-content\/uploads\/2025\/06\/2024-Pusula-300x300.png\" class=\"attachment-medium size-medium\" alt=\"\" aria-describedby=\"gallery-1-1800\" srcset=\"https:\/\/www.karttapala.fi\/wp-content\/uploads\/2025\/06\/2024-Pusula-300x300.png 300w, https:\/\/www.karttapala.fi\/wp-content\/uploads\/2025\/06\/2024-Pusula-150x150.png 150w, https:\/\/www.karttapala.fi\/wp-content\/uploads\/2025\/06\/2024-Pusula.png 512w\" sizes=\"(max-width: 300px) 100vw, 300px\" \/>\n\t\t\t<\/div>\n\t\t\t\t<figcaption class='wp-caption-text gallery-caption' id='gallery-1-1800'>\n\t\t\t\tPusula 2024\n\t\t\t\t<\/figcaption><\/figure><figure class='gallery-item'>\n\t\t\t<div class='gallery-icon landscape'>\n\t\t\t\t<img loading=\"lazy\" decoding=\"async\" width=\"300\" height=\"300\" src=\"https:\/\/www.karttapala.fi\/wp-content\/uploads\/2025\/06\/2024-Lomsjo-300x300.png\" class=\"attachment-medium size-medium\" alt=\"\" aria-describedby=\"gallery-1-1797\" srcset=\"https:\/\/www.karttapala.fi\/wp-content\/uploads\/2025\/06\/2024-Lomsjo-300x300.png 300w, https:\/\/www.karttapala.fi\/wp-content\/uploads\/2025\/06\/2024-Lomsjo-150x150.png 150w, https:\/\/www.karttapala.fi\/wp-content\/uploads\/2025\/06\/2024-Lomsjo.png 512w\" sizes=\"(max-width: 300px) 100vw, 300px\" \/>\n\t\t\t<\/div>\n\t\t\t\t<figcaption class='wp-caption-text gallery-caption' id='gallery-1-1797'>\n\t\t\t\tLomsj\u00f6 2024\n\t\t\t\t<\/figcaption><\/figure><figure class='gallery-item'>\n\t\t\t<div class='gallery-icon landscape'>\n\t\t\t\t<img loading=\"lazy\" decoding=\"async\" width=\"300\" height=\"300\" src=\"https:\/\/www.karttapala.fi\/wp-content\/uploads\/2025\/06\/2023-Dalkarby-300x300.png\" class=\"attachment-medium size-medium\" alt=\"\" aria-describedby=\"gallery-1-1795\" srcset=\"https:\/\/www.karttapala.fi\/wp-content\/uploads\/2025\/06\/2023-Dalkarby-300x300.png 300w, https:\/\/www.karttapala.fi\/wp-content\/uploads\/2025\/06\/2023-Dalkarby-150x150.png 150w, https:\/\/www.karttapala.fi\/wp-content\/uploads\/2025\/06\/2023-Dalkarby.png 512w\" sizes=\"(max-width: 300px) 100vw, 300px\" \/>\n\t\t\t<\/div>\n\t\t\t\t<figcaption class='wp-caption-text gallery-caption' id='gallery-1-1795'>\n\t\t\t\tDalkarby 2023\n\t\t\t\t<\/figcaption><\/figure><figure class='gallery-item'>\n\t\t\t<div class='gallery-icon landscape'>\n\t\t\t\t<img loading=\"lazy\" decoding=\"async\" width=\"300\" height=\"300\" src=\"https:\/\/www.karttapala.fi\/wp-content\/uploads\/2024\/07\/2023-Vivamo-300x300.png\" class=\"attachment-medium size-medium\" alt=\"\" aria-describedby=\"gallery-1-1783\" srcset=\"https:\/\/www.karttapala.fi\/wp-content\/uploads\/2024\/07\/2023-Vivamo-300x300.png 300w, https:\/\/www.karttapala.fi\/wp-content\/uploads\/2024\/07\/2023-Vivamo-150x150.png 150w, https:\/\/www.karttapala.fi\/wp-content\/uploads\/2024\/07\/2023-Vivamo.png 512w\" sizes=\"(max-width: 300px) 100vw, 300px\" \/>\n\t\t\t<\/div>\n\t\t\t\t<figcaption class='wp-caption-text gallery-caption' id='gallery-1-1783'>\n\t\t\t\tVivamo 2023\n\t\t\t\t<\/figcaption><\/figure><figure class='gallery-item'>\n\t\t\t<div class='gallery-icon landscape'>\n\t\t\t\t<img loading=\"lazy\" decoding=\"async\" width=\"256\" height=\"256\" src=\"https:\/\/www.karttapala.fi\/wp-content\/uploads\/2022\/12\/2022-Tynninharju.png\" class=\"attachment-medium size-medium\" alt=\"\" aria-describedby=\"gallery-1-1684\" srcset=\"https:\/\/www.karttapala.fi\/wp-content\/uploads\/2022\/12\/2022-Tynninharju.png 256w, https:\/\/www.karttapala.fi\/wp-content\/uploads\/2022\/12\/2022-Tynninharju-150x150.png 150w\" sizes=\"(max-width: 256px) 100vw, 256px\" \/>\n\t\t\t<\/div>\n\t\t\t\t<figcaption class='wp-caption-text gallery-caption' id='gallery-1-1684'>\n\t\t\t\tTynninharju 2022\n\t\t\t\t<\/figcaption><\/figure><figure class='gallery-item'>\n\t\t\t<div class='gallery-icon landscape'>\n\t\t\t\t<img loading=\"lazy\" decoding=\"async\" width=\"256\" height=\"256\" src=\"https:\/\/www.karttapala.fi\/wp-content\/uploads\/2022\/11\/tytyri.png\" class=\"attachment-medium size-medium\" alt=\"\" aria-describedby=\"gallery-1-1679\" srcset=\"https:\/\/www.karttapala.fi\/wp-content\/uploads\/2022\/11\/tytyri.png 256w, https:\/\/www.karttapala.fi\/wp-content\/uploads\/2022\/11\/tytyri-150x150.png 150w\" sizes=\"(max-width: 256px) 100vw, 256px\" \/>\n\t\t\t<\/div>\n\t\t\t\t<figcaption class='wp-caption-text gallery-caption' id='gallery-1-1679'>\n\t\t\t\tTytyri 2022\n\t\t\t\t<\/figcaption><\/figure><figure class='gallery-item'>\n\t\t\t<div class='gallery-icon landscape'>\n\t\t\t\t<img loading=\"lazy\" decoding=\"async\" width=\"256\" height=\"256\" src=\"https:\/\/www.karttapala.fi\/wp-content\/uploads\/2022\/11\/teutari.png\" class=\"attachment-medium size-medium\" alt=\"\" aria-describedby=\"gallery-1-1678\" srcset=\"https:\/\/www.karttapala.fi\/wp-content\/uploads\/2022\/11\/teutari.png 256w, https:\/\/www.karttapala.fi\/wp-content\/uploads\/2022\/11\/teutari-150x150.png 150w\" sizes=\"(max-width: 256px) 100vw, 256px\" \/>\n\t\t\t<\/div>\n\t\t\t\t<figcaption class='wp-caption-text gallery-caption' id='gallery-1-1678'>\n\t\t\t\tTeutari 2022\n\t\t\t\t<\/figcaption><\/figure><figure class='gallery-item'>\n\t\t\t<div class='gallery-icon landscape'>\n\t\t\t\t<img loading=\"lazy\" decoding=\"async\" width=\"256\" height=\"256\" src=\"https:\/\/www.karttapala.fi\/wp-content\/uploads\/2022\/03\/2021-Ojaniitun-koulu.jpg\" class=\"attachment-medium size-medium\" alt=\"\" aria-describedby=\"gallery-1-1490\" srcset=\"https:\/\/www.karttapala.fi\/wp-content\/uploads\/2022\/03\/2021-Ojaniitun-koulu.jpg 256w, https:\/\/www.karttapala.fi\/wp-content\/uploads\/2022\/03\/2021-Ojaniitun-koulu-150x150.jpg 150w\" sizes=\"(max-width: 256px) 100vw, 256px\" \/>\n\t\t\t<\/div>\n\t\t\t\t<figcaption class='wp-caption-text gallery-caption' id='gallery-1-1490'>\n\t\t\t\tOjaniitun koulu 2021\n\t\t\t\t<\/figcaption><\/figure><figure class='gallery-item'>\n\t\t\t<div class='gallery-icon landscape'>\n\t\t\t\t<img loading=\"lazy\" decoding=\"async\" width=\"256\" height=\"256\" src=\"https:\/\/www.karttapala.fi\/wp-content\/uploads\/2022\/03\/2021-Taasjarvi.png\" class=\"attachment-medium size-medium\" alt=\"\" aria-describedby=\"gallery-1-1374\" srcset=\"https:\/\/www.karttapala.fi\/wp-content\/uploads\/2022\/03\/2021-Taasjarvi.png 256w, https:\/\/www.karttapala.fi\/wp-content\/uploads\/2022\/03\/2021-Taasjarvi-150x150.png 150w\" sizes=\"(max-width: 256px) 100vw, 256px\" \/>\n\t\t\t<\/div>\n\t\t\t\t<figcaption class='wp-caption-text gallery-caption' id='gallery-1-1374'>\n\t\t\t\tTaasj\u00e4rvi 2021\n\t\t\t\t<\/figcaption><\/figure><figure class='gallery-item'>\n\t\t\t<div class='gallery-icon landscape'>\n\t\t\t\t<img loading=\"lazy\" decoding=\"async\" width=\"256\" height=\"256\" src=\"https:\/\/www.karttapala.fi\/wp-content\/uploads\/2022\/03\/2020-Hakala.png\" class=\"attachment-medium size-medium\" alt=\"\" aria-describedby=\"gallery-1-1369\" srcset=\"https:\/\/www.karttapala.fi\/wp-content\/uploads\/2022\/03\/2020-Hakala.png 256w, https:\/\/www.karttapala.fi\/wp-content\/uploads\/2022\/03\/2020-Hakala-150x150.png 150w\" sizes=\"(max-width: 256px) 100vw, 256px\" \/>\n\t\t\t<\/div>\n\t\t\t\t<figcaption class='wp-caption-text gallery-caption' id='gallery-1-1369'>\n\t\t\t\tHakala 2020\n\t\t\t\t<\/figcaption><\/figure><figure class='gallery-item'>\n\t\t\t<div class='gallery-icon landscape'>\n\t\t\t\t<img loading=\"lazy\" decoding=\"async\" width=\"256\" height=\"256\" src=\"https:\/\/www.karttapala.fi\/wp-content\/uploads\/2022\/03\/2020-Arabia.png\" class=\"attachment-medium size-medium\" alt=\"\" aria-describedby=\"gallery-1-1368\" srcset=\"https:\/\/www.karttapala.fi\/wp-content\/uploads\/2022\/03\/2020-Arabia.png 256w, https:\/\/www.karttapala.fi\/wp-content\/uploads\/2022\/03\/2020-Arabia-150x150.png 150w\" sizes=\"(max-width: 256px) 100vw, 256px\" \/>\n\t\t\t<\/div>\n\t\t\t\t<figcaption class='wp-caption-text gallery-caption' id='gallery-1-1368'>\n\t\t\t\tArabia 2020\n\t\t\t\t<\/figcaption><\/figure><figure class='gallery-item'>\n\t\t\t<div class='gallery-icon landscape'>\n\t\t\t\t<img loading=\"lazy\" decoding=\"async\" width=\"256\" height=\"256\" src=\"https:\/\/www.karttapala.fi\/wp-content\/uploads\/2022\/03\/2019-Taivaskallio.png\" class=\"attachment-medium size-medium\" alt=\"\" aria-describedby=\"gallery-1-1367\" srcset=\"https:\/\/www.karttapala.fi\/wp-content\/uploads\/2022\/03\/2019-Taivaskallio.png 256w, https:\/\/www.karttapala.fi\/wp-content\/uploads\/2022\/03\/2019-Taivaskallio-150x150.png 150w\" sizes=\"(max-width: 256px) 100vw, 256px\" \/>\n\t\t\t<\/div>\n\t\t\t\t<figcaption class='wp-caption-text gallery-caption' id='gallery-1-1367'>\n\t\t\t\tTaivaskallio 2019\n\t\t\t\t<\/figcaption><\/figure><figure class='gallery-item'>\n\t\t\t<div class='gallery-icon landscape'>\n\t\t\t\t<img loading=\"lazy\" decoding=\"async\" width=\"256\" height=\"256\" src=\"https:\/\/www.karttapala.fi\/wp-content\/uploads\/2022\/03\/2019-Maksjoki-Vappula-Tynni.png\" class=\"attachment-medium size-medium\" alt=\"\" aria-describedby=\"gallery-1-1366\" srcset=\"https:\/\/www.karttapala.fi\/wp-content\/uploads\/2022\/03\/2019-Maksjoki-Vappula-Tynni.png 256w, https:\/\/www.karttapala.fi\/wp-content\/uploads\/2022\/03\/2019-Maksjoki-Vappula-Tynni-150x150.png 150w\" sizes=\"(max-width: 256px) 100vw, 256px\" \/>\n\t\t\t<\/div>\n\t\t\t\t<figcaption class='wp-caption-text gallery-caption' id='gallery-1-1366'>\n\t\t\t\tMaksjoki 2019\n\t\t\t\t<\/figcaption><\/figure><figure class='gallery-item'>\n\t\t\t<div class='gallery-icon landscape'>\n\t\t\t\t<img loading=\"lazy\" decoding=\"async\" width=\"256\" height=\"256\" src=\"https:\/\/www.karttapala.fi\/wp-content\/uploads\/2022\/03\/2015-Ventela.png\" class=\"attachment-medium size-medium\" alt=\"\" aria-describedby=\"gallery-1-1364\" srcset=\"https:\/\/www.karttapala.fi\/wp-content\/uploads\/2022\/03\/2015-Ventela.png 256w, https:\/\/www.karttapala.fi\/wp-content\/uploads\/2022\/03\/2015-Ventela-150x150.png 150w\" sizes=\"(max-width: 256px) 100vw, 256px\" \/>\n\t\t\t<\/div>\n\t\t\t\t<figcaption class='wp-caption-text gallery-caption' id='gallery-1-1364'>\n\t\t\t\tVentel\u00e4 2015\n\t\t\t\t<\/figcaption><\/figure><figure class='gallery-item'>\n\t\t\t<div class='gallery-icon landscape'>\n\t\t\t\t<img loading=\"lazy\" decoding=\"async\" width=\"256\" height=\"256\" src=\"https:\/\/www.karttapala.fi\/wp-content\/uploads\/2022\/03\/2014-Luttula.png\" class=\"attachment-medium size-medium\" alt=\"\" aria-describedby=\"gallery-1-1363\" srcset=\"https:\/\/www.karttapala.fi\/wp-content\/uploads\/2022\/03\/2014-Luttula.png 256w, https:\/\/www.karttapala.fi\/wp-content\/uploads\/2022\/03\/2014-Luttula-150x150.png 150w\" sizes=\"(max-width: 256px) 100vw, 256px\" \/>\n\t\t\t<\/div>\n\t\t\t\t<figcaption class='wp-caption-text gallery-caption' id='gallery-1-1363'>\n\t\t\t\tLuttula 2014\n\t\t\t\t<\/figcaption><\/figure><figure class='gallery-item'>\n\t\t\t<div class='gallery-icon landscape'>\n\t\t\t\t<img loading=\"lazy\" decoding=\"async\" width=\"256\" height=\"256\" src=\"https:\/\/www.karttapala.fi\/wp-content\/uploads\/2022\/03\/2013-Liessaari.png\" class=\"attachment-medium size-medium\" alt=\"\" aria-describedby=\"gallery-1-1360\" srcset=\"https:\/\/www.karttapala.fi\/wp-content\/uploads\/2022\/03\/2013-Liessaari.png 256w, https:\/\/www.karttapala.fi\/wp-content\/uploads\/2022\/03\/2013-Liessaari-150x150.png 150w\" sizes=\"(max-width: 256px) 100vw, 256px\" \/>\n\t\t\t<\/div>\n\t\t\t\t<figcaption class='wp-caption-text gallery-caption' id='gallery-1-1360'>\n\t\t\t\tLiessaari 2013\n\t\t\t\t<\/figcaption><\/figure><figure class='gallery-item'>\n\t\t\t<div class='gallery-icon landscape'>\n\t\t\t\t<img loading=\"lazy\" decoding=\"async\" width=\"256\" height=\"256\" src=\"https:\/\/www.karttapala.fi\/wp-content\/uploads\/2022\/03\/2012-Pahkinaniemi.png\" class=\"attachment-medium size-medium\" alt=\"\" aria-describedby=\"gallery-1-1358\" srcset=\"https:\/\/www.karttapala.fi\/wp-content\/uploads\/2022\/03\/2012-Pahkinaniemi.png 256w, https:\/\/www.karttapala.fi\/wp-content\/uploads\/2022\/03\/2012-Pahkinaniemi-150x150.png 150w\" sizes=\"(max-width: 256px) 100vw, 256px\" \/>\n\t\t\t<\/div>\n\t\t\t\t<figcaption class='wp-caption-text gallery-caption' id='gallery-1-1358'>\n\t\t\t\tP\u00e4hkin\u00e4niemi 2012\n\t\t\t\t<\/figcaption><\/figure>\n\t\t<\/div>\n\t\t<\/div>\n\t\t\t\t\t\t<\/div>\n\t\t\t\t<\/div>\n\t\t\t\t\t<\/div>\n\t\t<\/div>\n\t\t\t\t\t<\/div>\n\t\t<\/section>\n\t\t\t\t<\/div>\n\t\t","protected":false},"excerpt":{"rendered":"<p>Portfolio Joitakin projekteja vuosien varrelta Kuru 2025 Laukkam\u00e4ki 2025 Salmenpalo 2024 Raaseporin linna 2024 Fagervikin kartano 2024 Kukkusnummi 2024 V\u00e4ransby 2024 Pusula 2024 Lomsj\u00f6 2024 Dalkarby 2023 Vivamo 2023 Tynninharju 2022 Tytyri 2022 Teutari 2022 Ojaniitun koulu 2021 Taasj\u00e4rvi 2021 Hakala 2020 Arabia 2020 Taivaskallio 2019 Maksjoki 2019 Ventel\u00e4 2015 Luttula 2014 Liessaari 2013 P\u00e4hkin\u00e4niemi [&hellip;]<\/p>\n","protected":false},"author":1,"featured_media":0,"parent":0,"menu_order":0,"comment_status":"closed","ping_status":"closed","template":"","meta":{"site-sidebar-layout":"no-sidebar","site-content-layout":"page-builder","ast-site-content-layout":"default","site-content-style":"default","site-sidebar-style":"default","ast-global-header-display":"","ast-banner-title-visibility":"","ast-main-header-display":"","ast-hfb-above-header-display":"","ast-hfb-below-header-display":"","ast-hfb-mobile-header-display":"","site-post-title":"disabled","ast-breadcrumbs-content":"","ast-featured-img":"disabled","footer-sml-layout":"","ast-disable-related-posts":"","theme-transparent-header-meta":"enabled","adv-header-id-meta":"","stick-header-meta":"","header-above-stick-meta":"","header-main-stick-meta":"","header-below-stick-meta":"","astra-migrate-meta-layouts":"default","ast-page-background-enabled":"default","ast-page-background-meta":{"desktop":{"background-color":"var(--ast-global-color-4)","background-image":"","background-repeat":"repeat","background-position":"center center","background-size":"auto","background-attachment":"scroll","background-type":"","background-media":"","overlay-type":"","overlay-color":"","overlay-opacity":"","overlay-gradient":""},"tablet":{"background-color":"","background-image":"","background-repeat":"repeat","background-position":"center center","background-size":"auto","background-attachment":"scroll","background-type":"","background-media":"","overlay-type":"","overlay-color":"","overlay-opacity":"","overlay-gradient":""},"mobile":{"background-color":"","background-image":"","background-repeat":"repeat","background-position":"center center","background-size":"auto","background-attachment":"scroll","background-type":"","background-media":"","overlay-type":"","overlay-color":"","overlay-opacity":"","overlay-gradient":""}},"ast-content-background-meta":{"desktop":{"background-color":"var(--ast-global-color-5)","background-image":"","background-repeat":"repeat","background-position":"center center","background-size":"auto","background-attachment":"scroll","background-type":"","background-media":"","overlay-type":"","overlay-color":"","overlay-opacity":"","overlay-gradient":""},"tablet":{"background-color":"var(--ast-global-color-5)","background-image":"","background-repeat":"repeat","background-position":"center center","background-size":"auto","background-attachment":"scroll","background-type":"","background-media":"","overlay-type":"","overlay-color":"","overlay-opacity":"","overlay-gradient":""},"mobile":{"background-color":"var(--ast-global-color-5)","background-image":"","background-repeat":"repeat","background-position":"center center","background-size":"auto","background-attachment":"scroll","background-type":"","background-media":"","overlay-type":"","overlay-color":"","overlay-opacity":"","overlay-gradient":""}},"footnotes":""},"class_list":["post-14","page","type-page","status-publish","hentry"],"_links":{"self":[{"href":"https:\/\/www.karttapala.fi\/index.php\/wp-json\/wp\/v2\/pages\/14","targetHints":{"allow":["GET"]}}],"collection":[{"href":"https:\/\/www.karttapala.fi\/index.php\/wp-json\/wp\/v2\/pages"}],"about":[{"href":"https:\/\/www.karttapala.fi\/index.php\/wp-json\/wp\/v2\/types\/page"}],"author":[{"embeddable":true,"href":"https:\/\/www.karttapala.fi\/index.php\/wp-json\/wp\/v2\/users\/1"}],"replies":[{"embeddable":true,"href":"https:\/\/www.karttapala.fi\/index.php\/wp-json\/wp\/v2\/comments?post=14"}],"version-history":[{"count":63,"href":"https:\/\/www.karttapala.fi\/index.php\/wp-json\/wp\/v2\/pages\/14\/revisions"}],"predecessor-version":[{"id":1808,"href":"https:\/\/www.karttapala.fi\/index.php\/wp-json\/wp\/v2\/pages\/14\/revisions\/1808"}],"wp:attachment":[{"href":"https:\/\/www.karttapala.fi\/index.php\/wp-json\/wp\/v2\/media?parent=14"}],"curies":[{"name":"wp","href":"https:\/\/api.w.org\/{rel}","templated":true}]}}