{"id":16,"date":"2021-11-21T15:14:44","date_gmt":"2021-11-21T15:14:44","guid":{"rendered":"https:\/\/www.karttapala.fi\/index.php\/contact\/"},"modified":"2026-03-13T08:48:09","modified_gmt":"2026-03-13T06:48:09","slug":"yhteystiedot","status":"publish","type":"page","link":"https:\/\/www.karttapala.fi\/index.php\/yhteystiedot\/","title":{"rendered":"Yhteystiedot"},"content":{"rendered":"\t\t<div data-elementor-type=\"wp-page\" data-elementor-id=\"16\" class=\"elementor elementor-16\">\n\t\t\t\t\t\t<section class=\"elementor-section elementor-top-section elementor-element elementor-element-027173b elementor-section-height-min-height elementor-section-boxed elementor-section-height-default elementor-section-items-middle\" data-id=\"027173b\" data-element_type=\"section\" data-e-type=\"section\" data-settings=\"{&quot;background_background&quot;:&quot;classic&quot;}\">\n\t\t\t\t\t\t\t<div class=\"elementor-background-overlay\"><\/div>\n\t\t\t\t\t\t\t<div class=\"elementor-container elementor-column-gap-default\">\n\t\t\t\t\t<div class=\"elementor-column elementor-col-100 elementor-top-column elementor-element elementor-element-ba668fe\" data-id=\"ba668fe\" data-element_type=\"column\" data-e-type=\"column\">\n\t\t\t<div class=\"elementor-widget-wrap elementor-element-populated\">\n\t\t\t\t\t\t<div class=\"elementor-element elementor-element-8ff89a6 elementor-widget elementor-widget-heading\" data-id=\"8ff89a6\" data-element_type=\"widget\" data-e-type=\"widget\" data-widget_type=\"heading.default\">\n\t\t\t\t<div class=\"elementor-widget-container\">\n\t\t\t\t\t<h1 class=\"elementor-heading-title elementor-size-default\">Yhteystiedot<\/h1>\t\t\t\t<\/div>\n\t\t\t\t<\/div>\n\t\t\t\t\t<\/div>\n\t\t<\/div>\n\t\t\t\t\t<\/div>\n\t\t<\/section>\n\t\t\t\t<section class=\"elementor-section elementor-top-section elementor-element elementor-element-67f828f elementor-section-boxed elementor-section-height-default elementor-section-height-default\" data-id=\"67f828f\" data-element_type=\"section\" data-e-type=\"section\" data-settings=\"{&quot;background_background&quot;:&quot;classic&quot;}\">\n\t\t\t\t\t\t<div class=\"elementor-container elementor-column-gap-default\">\n\t\t\t\t\t<div class=\"elementor-column elementor-col-100 elementor-top-column elementor-element elementor-element-c2e76a9\" data-id=\"c2e76a9\" data-element_type=\"column\" data-e-type=\"column\">\n\t\t\t<div class=\"elementor-widget-wrap elementor-element-populated\">\n\t\t\t\t\t\t<section class=\"elementor-section elementor-inner-section elementor-element elementor-element-aa1afb0 elementor-section-boxed elementor-section-height-default elementor-section-height-default\" data-id=\"aa1afb0\" data-element_type=\"section\" data-e-type=\"section\">\n\t\t\t\t\t\t<div class=\"elementor-container elementor-column-gap-default\">\n\t\t\t\t\t<div class=\"elementor-column elementor-col-50 elementor-inner-column elementor-element elementor-element-b4d684e\" data-id=\"b4d684e\" data-element_type=\"column\" data-e-type=\"column\">\n\t\t\t<div class=\"elementor-widget-wrap elementor-element-populated\">\n\t\t\t\t\t\t<div class=\"elementor-element elementor-element-764fda9 elementor-widget elementor-widget-text-editor\" data-id=\"764fda9\" data-element_type=\"widget\" data-e-type=\"widget\" data-widget_type=\"text-editor.default\">\n\t\t\t\t<div class=\"elementor-widget-container\">\n\t\t\t\t\t\t\t\t\t<h2 style=\"font-style: normal;\"><span style=\"color: var(--ast-global-color-2); font-size: 1.875rem; background-color: var(--ast-global-color-5);\">Yhteystiedot<\/span><\/h2><p style=\"font-size: 16px; font-style: normal; font-weight: 400;\">\u00a0Eemeli Suominen\u00a0<\/p><p style=\"font-size: 16px; font-style: normal; font-weight: 400;\">\u00a0Karttapalvelu Karttapala\u00a0<\/p><p style=\"font-size: 16px; font-style: normal; font-weight: 400;\">\u00a0Y-tunnus 3252469-3<\/p><p style=\"font-size: 16px; font-style: normal; font-weight: 400;\"><u>Osoite:<\/u><\/p><p><img decoding=\"async\" class=\"alignnone size-full wp-image-1829\" src=\"https:\/\/www.karttapala.fi\/wp-content\/uploads\/2026\/03\/ot.png\" alt=\"ot\" width=\"223\" height=\"20\" \/><\/p><p style=\"font-size: 16px; font-style: normal; font-weight: 400;\"><u>Puhelin:<\/u><\/p><p style=\"font-size: 16px; font-style: normal; font-weight: 400;\"><span style=\"font-weight: bold;\"><img decoding=\"async\" src=\"https:\/\/www.karttapala.fi\/wp-content\/uploads\/2022\/03\/puhelin.png\" alt=\"\" width=\"112\" height=\"24\" \/><\/span><\/p><p style=\"font-size: 16px; font-style: normal; font-weight: 400;\"><u>S\u00e4hk\u00f6posti:<\/u><\/p><p style=\"font-size: 16px; font-style: normal; font-weight: 400;\"><img decoding=\"async\" style=\"font-style: inherit; font-weight: inherit;\" src=\"https:\/\/www.karttapala.fi\/wp-content\/uploads\/2022\/03\/sahkoposti.png\" alt=\"\" width=\"229\" height=\"24\" \/><\/p>\t\t\t\t\t\t\t\t<\/div>\n\t\t\t\t<\/div>\n\t\t\t\t\t<\/div>\n\t\t<\/div>\n\t\t\t\t<div class=\"elementor-column elementor-col-50 elementor-inner-column elementor-element elementor-element-ab28476\" data-id=\"ab28476\" data-element_type=\"column\" data-e-type=\"column\">\n\t\t\t<div class=\"elementor-widget-wrap elementor-element-populated\">\n\t\t\t\t\t\t<div class=\"elementor-element elementor-element-e02cae5 elementor-widget elementor-widget-image\" data-id=\"e02cae5\" data-element_type=\"widget\" data-e-type=\"widget\" data-widget_type=\"image.default\">\n\t\t\t\t<div class=\"elementor-widget-container\">\n\t\t\t\t\t\t\t\t\t\t\t\t\t\t\t<img decoding=\"async\" src=\"https:\/\/www.karttapala.fi\/wp-content\/uploads\/elementor\/thumbs\/IMG_20200727_114800-scaled-plpmgwgdc0blmz2ilays4flgdkjxol8a86u0ueeahs.jpg\" title=\"Eemeli Suominen\" alt=\"Kuva Eemeli Suominen\" loading=\"lazy\" \/>\t\t\t\t\t\t\t\t\t\t\t\t\t\t\t<\/div>\n\t\t\t\t<\/div>\n\t\t\t\t\t<\/div>\n\t\t<\/div>\n\t\t\t\t\t<\/div>\n\t\t<\/section>\n\t\t\t\t<section class=\"elementor-section elementor-inner-section elementor-element elementor-element-655521e elementor-section-boxed elementor-section-height-default elementor-section-height-default\" data-id=\"655521e\" data-element_type=\"section\" data-e-type=\"section\">\n\t\t\t\t\t\t<div class=\"elementor-container elementor-column-gap-default\">\n\t\t\t\t\t<div class=\"elementor-column elementor-col-50 elementor-inner-column elementor-element elementor-element-29eef6f\" data-id=\"29eef6f\" data-element_type=\"column\" data-e-type=\"column\">\n\t\t\t<div class=\"elementor-widget-wrap elementor-element-populated\">\n\t\t\t\t\t\t<div class=\"elementor-element elementor-element-30771dc elementor-widget elementor-widget-text-editor\" data-id=\"30771dc\" data-element_type=\"widget\" data-e-type=\"widget\" data-widget_type=\"text-editor.default\">\n\t\t\t\t<div class=\"elementor-widget-container\">\n\t\t\t\t\t\t\t\t\t<div>\n<h2 style=\"font-style: normal;\">Tietoa minusta<\/h2>\n<ul style=\"font-size: 16px; font-style: normal; font-weight: 400; color: #494b51; font-family: Lato, sans-serif;\">\n<li style=\"font-size: 16px;\">Kilpasuunnistaja (Hiidenkiert\u00e4j\u00e4t)<br><ul style=\"font-size: 16px;\">\n<li style=\"font-size: 16px;\">SM sprintti 8. 2020, SM y\u00f6 10. 2025<\/li>\n<li style=\"font-size: 16px;\">Jukolan viesti 8. 2017, 10. 2018, 15. 2019<\/li>\n<li style=\"font-size: 16px;\">&nbsp;3 x Nuorten SM mitalisti<\/li>\n<\/ul>\n<\/li>\n<li style=\"font-size: 16px;\">Diplomi-insin\u00f6\u00f6ri<br><ul style=\"font-size: 16px;\">\n<li style=\"font-size: 16px;\">Energia- ja ymp\u00e4rist\u00f6tekniikan kandidaatti 2020<\/li>\n<li style=\"font-size: 16px;\">Geoinformatiikan maisteri 2024<\/li>\n<\/ul>\n<\/li>\n<li style=\"font-size: 16px;\">Ensimm\u00e4iset kartoitusprojektit 2010<br><ul style=\"font-size: 16px;\">\n<li style=\"font-size: 16px;\">kymmeni\u00e4 karttaprojekteja sittemmin<\/li>\n<li style=\"font-size: 16px;\">World Cup 2017 sprintin ratamestariryhm\u00e4n j\u00e4sen Lohjalla<\/li>\n<li style=\"font-size: 16px;\">Suunnistusliiton karttaryhm\u00e4n j\u00e4sen 2022 alkaen<\/li>\n<\/ul>\n<\/li>\n<\/ul>\n<p style=\"font-size: 16px; font-style: normal; font-weight: 400; color: #494b51; font-family: Lato, sans-serif;\">Kilpailu- ja treenikarttojani p\u00e4\u00e4set katsomaan&nbsp;<a href=\"https:\/\/doma.karttapala.fi\/index.php?user=Eemeli\">t\u00e4st\u00e4<\/a><\/p>\n<\/div>\t\t\t\t\t\t\t\t<\/div>\n\t\t\t\t<\/div>\n\t\t\t\t\t<\/div>\n\t\t<\/div>\n\t\t\t\t<div class=\"elementor-column elementor-col-50 elementor-inner-column elementor-element elementor-element-32a51d3\" data-id=\"32a51d3\" data-element_type=\"column\" data-e-type=\"column\">\n\t\t\t<div class=\"elementor-widget-wrap elementor-element-populated\">\n\t\t\t\t\t\t<div class=\"elementor-element elementor-element-117cc47 e-grid-align-left elementor-shape-rounded elementor-grid-0 elementor-widget elementor-widget-social-icons\" data-id=\"117cc47\" data-element_type=\"widget\" data-e-type=\"widget\" data-widget_type=\"social-icons.default\">\n\t\t\t\t<div class=\"elementor-widget-container\">\n\t\t\t\t\t\t\t<div class=\"elementor-social-icons-wrapper elementor-grid\" role=\"list\">\n\t\t\t\t\t\t\t<span class=\"elementor-grid-item\" role=\"listitem\">\n\t\t\t\t\t<a class=\"elementor-icon elementor-social-icon elementor-social-icon-twitter elementor-repeater-item-3ad4737\" href=\"http:\/\/twitter.com\/eemelisuo\" target=\"_blank\">\n\t\t\t\t\t\t<span class=\"elementor-screen-only\">Twitter<\/span>\n\t\t\t\t\t\t<i aria-hidden=\"true\" class=\"fab fa-twitter\"><\/i>\t\t\t\t\t<\/a>\n\t\t\t\t<\/span>\n\t\t\t\t\t\t\t<span class=\"elementor-grid-item\" role=\"listitem\">\n\t\t\t\t\t<a class=\"elementor-icon elementor-social-icon elementor-social-icon-instagram elementor-repeater-item-5b9cc2c\" href=\"https:\/\/www.instagram.com\/karttapala\/\" target=\"_blank\">\n\t\t\t\t\t\t<span class=\"elementor-screen-only\">Instagram<\/span>\n\t\t\t\t\t\t<i aria-hidden=\"true\" class=\"fab fa-instagram\"><\/i>\t\t\t\t\t<\/a>\n\t\t\t\t<\/span>\n\t\t\t\t\t<\/div>\n\t\t\t\t\t\t<\/div>\n\t\t\t\t<\/div>\n\t\t\t\t\t<\/div>\n\t\t<\/div>\n\t\t\t\t\t<\/div>\n\t\t<\/section>\n\t\t\t\t<div class=\"elementor-element elementor-element-39b8f60 elementor-widget-divider--view-line elementor-widget elementor-widget-divider\" data-id=\"39b8f60\" data-element_type=\"widget\" data-e-type=\"widget\" data-widget_type=\"divider.default\">\n\t\t\t\t<div class=\"elementor-widget-container\">\n\t\t\t\t\t\t\t<div class=\"elementor-divider\">\n\t\t\t<span class=\"elementor-divider-separator\">\n\t\t\t\t\t\t<\/span>\n\t\t<\/div>\n\t\t\t\t\t\t<\/div>\n\t\t\t\t<\/div>\n\t\t\t\t\t<\/div>\n\t\t<\/div>\n\t\t\t\t\t<\/div>\n\t\t<\/section>\n\t\t\t\t<\/div>\n\t\t","protected":false},"excerpt":{"rendered":"<p>Yhteystiedot Yhteystiedot \u00a0Eemeli Suominen\u00a0 \u00a0Karttapalvelu Karttapala\u00a0 \u00a0Y-tunnus 3252469-3 Osoite: Puhelin: S\u00e4hk\u00f6posti: Tietoa minusta Kilpasuunnistaja (Hiidenkiert\u00e4j\u00e4t) SM sprintti 8. 2020, SM y\u00f6 10. 2025 Jukolan viesti 8. 2017, 10. 2018, 15. 2019 &nbsp;3 x Nuorten SM mitalisti Diplomi-insin\u00f6\u00f6ri Energia- ja ymp\u00e4rist\u00f6tekniikan kandidaatti 2020 Geoinformatiikan maisteri 2024 Ensimm\u00e4iset kartoitusprojektit 2010 kymmeni\u00e4 karttaprojekteja sittemmin World Cup 2017 sprintin [&hellip;]<\/p>\n","protected":false},"author":1,"featured_media":0,"parent":0,"menu_order":0,"comment_status":"closed","ping_status":"closed","template":"","meta":{"site-sidebar-layout":"no-sidebar","site-content-layout":"page-builder","ast-site-content-layout":"default","site-content-style":"default","site-sidebar-style":"default","ast-global-header-display":"","ast-banner-title-visibility":"","ast-main-header-display":"","ast-hfb-above-header-display":"","ast-hfb-below-header-display":"","ast-hfb-mobile-header-display":"","site-post-title":"disabled","ast-breadcrumbs-content":"","ast-featured-img":"disabled","footer-sml-layout":"","ast-disable-related-posts":"","theme-transparent-header-meta":"enabled","adv-header-id-meta":"","stick-header-meta":"","header-above-stick-meta":"","header-main-stick-meta":"","header-below-stick-meta":"","astra-migrate-meta-layouts":"default","ast-page-background-enabled":"default","ast-page-background-meta":{"desktop":{"background-color":"var(--ast-global-color-4)","background-image":"","background-repeat":"repeat","background-position":"center center","background-size":"auto","background-attachment":"scroll","background-type":"","background-media":"","overlay-type":"","overlay-color":"","overlay-opacity":"","overlay-gradient":""},"tablet":{"background-color":"","background-image":"","background-repeat":"repeat","background-position":"center center","background-size":"auto","background-attachment":"scroll","background-type":"","background-media":"","overlay-type":"","overlay-color":"","overlay-opacity":"","overlay-gradient":""},"mobile":{"background-color":"","background-image":"","background-repeat":"repeat","background-position":"center center","background-size":"auto","background-attachment":"scroll","background-type":"","background-media":"","overlay-type":"","overlay-color":"","overlay-opacity":"","overlay-gradient":""}},"ast-content-background-meta":{"desktop":{"background-color":"var(--ast-global-color-5)","background-image":"","background-repeat":"repeat","background-position":"center center","background-size":"auto","background-attachment":"scroll","background-type":"","background-media":"","overlay-type":"","overlay-color":"","overlay-opacity":"","overlay-gradient":""},"tablet":{"background-color":"var(--ast-global-color-5)","background-image":"","background-repeat":"repeat","background-position":"center center","background-size":"auto","background-attachment":"scroll","background-type":"","background-media":"","overlay-type":"","overlay-color":"","overlay-opacity":"","overlay-gradient":""},"mobile":{"background-color":"var(--ast-global-color-5)","background-image":"","background-repeat":"repeat","background-position":"center center","background-size":"auto","background-attachment":"scroll","background-type":"","background-media":"","overlay-type":"","overlay-color":"","overlay-opacity":"","overlay-gradient":""}},"footnotes":""},"class_list":["post-16","page","type-page","status-publish","hentry"],"_links":{"self":[{"href":"https:\/\/www.karttapala.fi\/index.php\/wp-json\/wp\/v2\/pages\/16","targetHints":{"allow":["GET"]}}],"collection":[{"href":"https:\/\/www.karttapala.fi\/index.php\/wp-json\/wp\/v2\/pages"}],"about":[{"href":"https:\/\/www.karttapala.fi\/index.php\/wp-json\/wp\/v2\/types\/page"}],"author":[{"embeddable":true,"href":"https:\/\/www.karttapala.fi\/index.php\/wp-json\/wp\/v2\/users\/1"}],"replies":[{"embeddable":true,"href":"https:\/\/www.karttapala.fi\/index.php\/wp-json\/wp\/v2\/comments?post=16"}],"version-history":[{"count":83,"href":"https:\/\/www.karttapala.fi\/index.php\/wp-json\/wp\/v2\/pages\/16\/revisions"}],"predecessor-version":[{"id":1832,"href":"https:\/\/www.karttapala.fi\/index.php\/wp-json\/wp\/v2\/pages\/16\/revisions\/1832"}],"wp:attachment":[{"href":"https:\/\/www.karttapala.fi\/index.php\/wp-json\/wp\/v2\/media?parent=16"}],"curies":[{"name":"wp","href":"https:\/\/api.w.org\/{rel}","templated":true}]}}